 is 12 + -2?
10
In base 13, what is 144 + 10?
154
In base 2, what is 1 + -10100101111?
-10100101110
In base 12, what is 249 - 4?
245
In base 10, what is 134 - -35?
169
In base 8, what is 767 - 1?
766
In base 6, what is 24 + 13?
41
In base 9, what is -6 - 31?
-37
In base 10, what is -2 - 15?
-17
In base 7, what is -2453 - -1?
-2452
In base 15, what is 103 + -3?
100
In base 12, what is 341 - -1b?
360
In base 10, what is 172 - -7?
179
In base 14, what is -3 - -41?
3c
In base 7, what is 5 + 45?
53
In base 14, what is -3 - -17b?
178
In base 11, what is 1 + -368?
-367
In base 10, what is 62 + -112?
-50
In base 4, what is 210 + 0?
210
In base 8, what is 3 - -655?
660
In base 7, what is -2 + -112?
-114
In base 11, what is 1 - 15?
-14
In base 12, what is 636 + 1?
637
In base 10, what is -2916 + 0?
-2916
In base 7, what is -2 + 1160?
1155
In base 12, what is 29 - -7?
34
In base 4, what is -11 - 310120?
-310131
In base 2, what is 11 + -1111010101100?
-1111010101001
In base 13, what is -2 - -9a?
98
In base 11, what is -35 + 0?
-35
In base 6, what is 2 + -5104?
-5102
In base 16, what is -26 + -9?
-2f
In base 8, what is -1 + 0?
-1
In base 15, what is 43 - -3?
46
In base 3, what is 11122 - -112?
12011
In base 13, what is -1 - 390?
-391
In base 12, what is -10 + 91?
81
In base 11, what is -11 - -7a9?
798
In base 16, what is -3 + d5?
d2
In base 8, what is -326 - 27?
-355
In base 3, what is 10100 + -10110?
-10
In base 15, what is ae2 - -2?
ae4
In base 10, what is 258 + 34?
292
In base 5, what is -10 - -231403?
231343
In base 6, what is -10140 + 3?
-10133
In base 11, what is 346 + 4?
34a
In base 12, what is 1 - -ab?
b0
In base 2, what is -100 + 10001111010?
10001110110
In base 3, what is -12210 - 21?
-20001
In base 10, what is 4 + 5519?
5523
In base 14, what is -79 - -1?
-78
In base 2, what is 10001111 + 1101010?
11111001
In base 11, what is -6a - 49?
-108
In base 8, what is -16615 + 2?
-16613
In base 7, what is -1 + 301?
300
In base 13, what is -938 + 4?
-934
In base 9, what is -1228 - 0?
-1228
In base 5, what is -234 - 13?
-302
In base 10, what is -102 + 1?
-101
In base 9, what is 112 - 28?
73
In base 11, what is -3 - 687?
-68a
In base 13, what is a0 - 1?
9c
In base 12, what is 2 + 499?
49b
In base 3, what is 2 + 1200?
1202
In base 12, what is -2 - 351?
-353
In base 12, what is -6 - 31?
-37
In base 5, what is 4 + -224?
-220
In base 13, what is 33 + 7?
3a
In base 2, what is -1001 - 111010?
-1000011
In base 16, what is -3 - -c58?
c55
In base 11, what is 17 - -9?
25
In base 3, what is -1022 + 10?
-1012
In base 8, what is -4 + 6205?
6201
In base 13, what is 18 + -4?
14
In base 16, what is 2 - -23a?
23c
In base 3, what is -1 + -1210221?
-1210222
In base 8, what is -25 - 1?
-26
In base 10, what is 5 + 119?
124
In base 4, what is 22 - 12130?
-12102
In base 13, what is -5 + -8a?
-92
In base 8, what is -72605 + 5?
-72600
In base 11, what is -4a + -17?
-66
In base 6, what is -32 - -5?
-23
In base 9, what is -13 - 46?
-60
In base 13, what is -21 - 0?
-21
In base 4, what is -1 + 3132?
3131
In base 12, what is 2583 + -5?
257a
In base 4, what is 32303 + -11?
32232
In base 7, what is -5 - -355?
350
In base 7, what is -155 - -3?
-152
In base 7, what is 1265 + 20?
1315
In base 2, what is -1 + -1111001?
-1111010
In base 12, what is 5 + -26b5?
-26b0
In base 12, what is 1917 + 1?
1918
In base 9, what is 2 - -36?
38
In base 9, what is 7478 - -4?
7483
In base 12, what is -3502 + 5?
-34b9
In base 13, what is 27 - -10?
37
In base 13, what is 14 - -39?
50
In base 4, what is 1 - -101113?
101120
In base 2, what is -1 + 110?
101
In base 5, what is 4 + -33324?
-33320
In base 7, what is 3255 + 10?
3265
In base 14, what is -3 - -28?
25
In base 7, what is 1 - 10661?
-10660
In base 9, what is 31 + -8?
22
In base 4, what is 3 - 1221?
-1212
In base 15, what is 95 - 5?
90
In base 9, what is 15 + -34?
-18
In base 5, what is 2 + -2104?
-2102
In base 4, what is -2 - 13310?
-13312
In base 8, what is 4 - -66?
72
In base 5, what is 2440 + 4?
2444
In base 10, what is -2 - -45?
43
In base 16, what is -146 + -1?
-147
In base 6, what is -100 - -424?
324
In base 15, what is 1c + 4?
21
In base 3, what is 10010 - 11?
2222
In base 10, what is 151 + -12?
139
In base 7, what is 11 - 1006?
-665
In base 4, what is 11 + -231?
-220
In base 5, what is 0 + -141?
-141
In base 4, what is -200 - -120?
-20
In base 9, what is -1153 + 1?
-1152
In base 5, what is 40 - -1?
41
In base 6, what is 5 - -55513?
55522
In base 2, what is -101011111101 + -10?
-101011111111
In base 2, what is -10001 + -101110?
-111111
In base 3, what is -22 - -122021?
121222
In base 9, what is -282 - 4?
-286
In base 2, what is 10 - 10010101?
-10010011
In base 13, what is -2 + -3a?
-3c
In base 15, what is -4d8 - 5?
-4dd
In base 16, what is fc + 0?
fc
In base 6, what is -2 - 1523?
-1525
In base 9, what is 0 + 11?
11
In base 3, what is -122012 - -11?
-122001
In base 10, what is 15 - -35?
50
In base 3, what is 10 + -121110?
-121100
In base 2, what is 1110 + 10?
10000
In base 14, what is 58 - 20?
38
In base 4, what is -2 - 110010?
-110012
In base 7, what is -2520 - -5?
-2512
In base 10, what is -10 + -80?
-90
In base 12, what is -381 - 7?
-388
In base 16, what is 1 + 55?
56
In base 8, what is 4 - 4?
0
In base 16, what is -f + 17?
8
In base 8, what is 3 - -3516?
3521
In base 4, what is -11 - 10331?
-11002
In base 9, what is -10011 - 4?
-10015
In base 15, what is 5 - -12?
17
In base 9, what is 1 + -1566?
-1565
In base 2, what is 1 - -1010000111101?
1010000111110
In base 2, what is 11 - 1010000?
-1001101
In base 5, what is -212 - -14?
-143
In base 5, what is -43 - 3120?
-3213
In base 7, what is 5351 + 3?
5354
In base 14, what is -1 - 94?
-95
In base 12, what is -6 - 878?
-882
In base 8, what is -7 - 151?
-160
In base 4, what is -201101 - -2?
-201033
In base 7, what is 6106 + -10?
6066
In base 12, what is -1 - 1a?
-1b
In base 2, what is 100110 + 11?
101001
In base 5, what is 2 + 342?
344
In base 11, what is -6 + 40?
35
In base 5, what is 122 - 313?
-141
In base 2, what is 10 - -1010000001100?
1010000001110
In base 9, what is -173 - -1?
-172
In base 6, what is 4422 - 0?
4422
In base 12, what is -2 - 59?
-5b
In base 9, what is 35810 + 1?
35811
In base 15, what is 17 - 16?
1
In base 15, what is 5 + 6b?
71
In base 6, what is 5 - 10512?
-10503
In base 11, what is 0 + -86?
-86
In base 5, what is -4 - -212?
203
In base 9, what is -43 + -158?
-212
In base 11, what is 84 + -5?
7a
In base 13, what is 46b - -2?
470
In base 3, what is -2 + 1201110?
1201101
In base 7, what is 6 - -144?
153
In base 16, what is -29 - 25?
-4e
In base 5, what is 4224 + 11?
4240
In base 2, what is 10101 - 100101101?
-100011000
In base 10, what is 3 - -234?
237
In base 3, what is -2122 + -110?
-10002
In base 4, what is 3 - 2001?
-1332
In base 2, what is 100001 + -10111?
1010
In base 11, what is -5 - -97?
92
In base 9, what is -2 + -27?
-30
In base 12, what is 2 + -8?
-6
In base 7, what is -1115 - -1?
-1114
In base 13, what is 19 + b?
27
In base 8, what is -604 + -5?
-611
In base 13, what is 169 - 2?
167
In base 12, what is 5 - 639?
-634
In base 7, what is -1402 - 1?
-1403
In base 10, what is -3 + -214?
-217
In base 6, what is -1 + 3311?
3310
In base 2, what is -100 + 1010111?
1010011
In base 13, what is -1 - 7?
-8
In base 7, what is -50 + 1?
-46
In base 9, what is -13 - 288?
-312
In base 13, what is -516 - 11?
-527
In base 5, what is -1 + -222?
-223
In base 10, what is -6 + -161?
-167
In base 11, what is 252 - 4?
249
In base 12, what is 8 - -11b6?
1202
In base 10, what is -4 - 277?
-281
In base 15, what is d9 + -7b?
5d
In base 15, what is -14 - 1c?
-31
In base 2, what is -100 - 10?
-110
In base 16, what is 71 - -19?
8a
In base 4, what is -12202 - -1?
-12201
In base 13, what is 3 - -21?
24
In base 13, what is 2 + -83c?
-83a
In base 4, what is 1000232 + 0?
1000232
In base 5, what is 2 + -103?
-101
In base 16, what is 1d + -67?
-4a
In base 13, what is -65 - 3?
-68
In base 6, what is 5 + -130?
-121
In base 9, what is -1 - 50?
-51
In base 12, what is -108 - 14?
-120
In base 9, what is -14 - 5?
-20
In base 4, what is 1311 - 122?
1123
In base 3, what is 12 - -212022?
212111
In base 15, what is -8 + -6?
-e
In base 14, what is 15 + -531?
-51a
In base 10, what is 4 + 5986?
5990
In base 14, what is 8